- 2. Let o(j) = -6*d(j) + 11*p(j). Let v be o(3). Calculate the highest common divisor of v and 22.
11
Suppose 4*c - 3*c + 1292 = 4*d, 3*d = -5*c + 946. Calculate the greatest common divisor of 42 and d.
14
Suppose y + s - 11 = 2*s, -9 = -3*s. Let g(l) = -6*l - 22. Let u be g(-6). What is the highest common divisor of y and u?
14
Let u(k) = -k**3 - 5*k**2 - 7*k - 19. Let t be u(-5). Let a = 35 + -11. What is the greatest common factor of a and t?
8
Let c be 21/4 + 3/(-12). Suppose 3*u - r - 105 = -6*r, c*u - 141 = 3*r. What is the highest common factor of u and 20?
10
Suppose -5*i + 9*i - 208 = 0. Suppose -2*p + 32 = 2*x, -2*x + 3*p + i = p. Calculate the highest common factor of 189 and x.
21
Let s = 11 + -9. Suppose 66 = 4*b - s*a, 5*b - 18 = 3*b + 4*a. Let x(w) = 26*w - 4. Let z be x(6). What is the greatest common factor of b and z?
19
Suppose -4*r + 84 = -2*i + 6*i, -3*i + 3*r = -69. Let j be 27/(-6)*12/18. Let o be (88/j)/((-5)/(-90)*-3). What is the highest common factor of o and i?
22
Suppose 3*a - 11*a = -48. Calculate the highest common divisor of 3 and a.
3
Let m be 30 + 8*(-3)/(-4). What is the greatest common factor of 66 and m?
6
Let o(n) = -n**3 + 12*n**2 - 15*n + 32. Let f be o(8). Calculate the highest common divisor of 56 and f.
56
Suppose 3*x - 4*s - 50 = 0, -3 = 2*s + 1. Let z = 20 + -141. Let q be (-7)/x + z/(-2). Calculate the greatest common factor of q and 6.
6
Suppose 2*a + 3*a = 105. Let x = 32 - a. Calculate the greatest common divisor of x and 88.
11
Let l be (-6)/(-4)*(2 - 0 - -8). Let v be (1 + 3/6)*80. What is the greatest common divisor of v and l?
15
Suppose -23*u = -21*u - 140. Calculate the greatest common factor of 91 and u.
7
Suppose 7*v - 55 = -3*b + 2*v, b + 2*v = 17. What is the greatest common factor of b and 115?
5
Suppose 3*n = -1 + 4. Let d(m) = 1 + n - m - 2*m - 3. Let p be d(-2). What is the greatest common divisor of p and 10?
5
Let c = -51 - -50. Let m be (-16)/(-2) + (-1)/c. What is the highest common divisor of 27 and m?
9
Suppose 0 = -159*p + 142*p + 136. Let c be (-4)/18 - (-1156)/18. What is the highest common divisor of c and p?
8
Let z(d) = -2*d**2 + d**3 - 3 + 3*d**2 + 0*d**2. Let p be z(0). Let o be 7 - (-3 + 2)*p. What is the highest common factor of 24 and o?
4
Suppose -2*m = -m + 60. Let w = m + 84. Suppose -v + 4*a = -252, v + 3*a = 5*v - 1047. Calculate the highest common divisor of w and v.
24
Suppose -45*l = -47*l - 2*t, -5*l = 3*t - 10. What is the highest common factor of l and 10?
5
Suppose 2*h = -2*v + 304, -2*v = -2*h + 96 + 200. Suppose -h = 6*d - 1074. Calculate the highest common factor of d and 22.
22
Let t be (2 + -6 - -5) + 1010/2. Let i be 6/(t/100 - 5). Calculate the greatest common divisor of 25 and i.
25
Let s(t) = t - 6. Let v be s(17). Let z be (-1)/(((-15)/(-366))/(-5)). Let u = 199 - z. Calculate the greatest common divisor of u and v.
11
Suppose 4*q - 18 = 22. Suppose 5*b - 5 = 0, 3*u - 44 = -u - 4*b. Calculate the highest common divisor of u and q.
10
Suppose -q = 3*v + 2*q - 882, -4*v + 1185 = q. Let l(c) = -28*c + 111. Let k be l(3). Calculate the greatest common factor of v and k.
27
Suppose -24*f + 320 = -16*f. What is the greatest common factor of f and 260?
20
Let g = -18 - -11. Let k(l) = -64 + 41 + 34 + 3*l - 2*l. Let v be k(g). Calculate the highest common factor of v and 6.
2
Suppose 40*m + 240 = 43*m. Suppose -4*r + m = -4*o, -2*o = -16 + 6. What is the greatest common divisor of r and 125?
25
Let y be (1/(-3)*-1)/((-8)/(-3240)). Calculate the greatest common factor of 27 and y.
27
Suppose -4*c = -m - 31, 2*m + 20 = 6*m. What is the highest common factor of c and 1656?
9
Let y(g) = g**3 - 14*g**2 - 19*g - 17. Let d be y(15). Let t = d + 181. What is the greatest common divisor of 26 and t?
26
Suppose 5*m - 42 = 108. What is the greatest common factor of 27 and m?
3
Let r be -1 - ((-3)/(-3) + -2). Suppose g + r - 1 = 0, 5*g = 5*d - 65. Let h be 111 - (-10 - 18/(-2)). Calculate the highest common divisor of h and d.
14
Let v = 15 - 12. Suppose -5*x = -v*q - 18, -4*x + 5*q = -2 - 2. Suppose 2*p - 5*j = p + 76, 3*p = -j + 196. Calculate the greatest common factor of p and x.
6
Let v = 1281 - 1262. Calculate the highest common divisor of 703 and v.
19
Let q be 2 + (-2)/(-6)*57. What is the highest common factor of 15 and q?
3
Suppose -3*s = 4*p + 6, 2*p = p - 4*s - 8. Suppose 5*f - 32 + 467 = p. Let x = -49 - f. Calculate the greatest common divisor of 95 and x.
19
Let l = 21 + 0. Suppose -5*y = 7*d - 68, 2*d - 88*y = -87*y + 34. What is the highest common factor of d and l?
7
Let u be (11 - 1)/((-8)/28). Let p = u - -77. Calculate the greatest common divisor of 294 and p.
42
Suppose 8*o - 2*g - 54 = 6*o, -2*o + g + 51 = 0. What is the highest common divisor of o and 72?
24
Suppose 0*w + 3*w + 6 = 0. Let q = 5 + w. Suppose -4*j - d = -10, -6*j + 11 = -3*j - d. Calculate the highest common factor of q and j.
3
Suppose -4*m = -5 - 3. Let o be 4/((-15)/(-12) - (-1)/(-4)). What is the greatest common divisor of m and o?
2
Suppose 563*v - 570*v + 7 = 0. Let o be (-3 + 9 - 0) + -1. What is the highest common factor of o and v?
1
Let f be 690/(-4)*18/(-27). What is the greatest common factor of 46 and f?
23
Let h be 3/5 + (-107)/(-5). Suppose -h*t + 25*t = 90. Calculate the greatest common factor of 10 and t.
10
Suppose 3*g - 4*l - 137 = 0, 2*l - 10 = 4*l. Let s(c) = -7*c - 41. Let a be s(-5). Let o be (2 - (-64)/a)*9/(-6). What is the greatest common factor of g and o?
13
Let f(i) = i**2 - 8*i + 8. Let a be f(2). Let k be a/(56/(-622)) - 9/21. Calculate the highest common factor of k and 4.
4
Let p(h) = -6*h**3 + 5*h**2 + 5*h. Let n be p(-3). Calculate the greatest common divisor of 216 and n.
24
Suppose 2*f = -9*f + 462. What is the greatest common factor of 21 and f?
21
Let q be (-110)/(-6) + (-3)/9. Let d be (q/1)/(14/63). What is the greatest common factor of 54 and d?
27
Let a = 845 - 269. Calculate the highest common factor of a and 72.
72
Suppose m = 7*m - 1128. Let k = -168 + m. Suppose -3*y + 4*b + 239 = -9, 244 = 3*y - 2*b. What is the highest common divisor of y and k?
20
Let w(g) = 71*g - 60. Let i be w(1). Let v = -22 + 11. Let y be (v/(-2))/(3/48). What is the greatest common factor of i and y?
11
Let m(n) = n**2 + 30. Let h = 2 - 2. Let i be m(h). Let w(j) = -42*j + 62. Let b be w(1). What is the highest common divisor of b and i?
10
Suppose 0 = 9*r - 2063 - 2068. Calculate the highest common factor of 27 and r.
27
Let z(x) = -x + 1. Let s be z(-6). Let o be (4/10)/(22/110). Suppose 0 = o*k - g - 30, 0 = -4*k + 5*g - 4*g + 58. What is the greatest common factor of k and s?
7
Suppose 22*x = 45*x - 2277. What is the highest common divisor of x and 473?
11
Let l be (-28)/(-7)*(-1 + 3). Let x(f) = 7*f - 6. Let w be x(6). Let c = w + -16. What is the highest common factor of c and l?
4
Suppose 4*c - 7*c = -18. Let q = c + 22. What is the highest common factor of 4 and q?
4
Let q(j) = -j - 20. Let z(l) = -l - 21. Let c(n) = -7*q(n) + 6*z(n). Let b = 5 - -1. Let i be c(b). Calculate the greatest common divisor of 50 and i.
10
Let s = 99 - 94. What is the greatest common divisor of 240 and s?
5
Suppose r - 2*n - 48 = 5*r, -5*r = -3*n + 49. Let d = 16 + r. Let u = 18 + -13. Calculate the greatest common factor of d and u.
5
Suppose u + 0 = 2*c + 14, -3*u - 4*c + 32 = 0. Suppose -k = -0*k - u. What is the greatest common divisor of 18 and k?
6
Suppose 3 = d - x, 0 = -5*d - 4*x + 7 - 1. Suppose 2*i + 4*s = s + 48, 5*i - 82 = 2*s. What is the greatest common factor of d and i?
2
Let k(n) = -6*n**3 - 36*n**2 + 31*n - 68. Let h be k(-7). Suppose -4*a - 14 = -122. What is the highest common divisor of h and a?
9
Suppose 7*u - 3 = 4. Let a be (u - 1)/(-5) - -7. Calculate the greatest common factor of a and 1.
1
Suppose 4*i - 362 = 62. Suppose 4*p = k + i, -3*k - 39 = -4*p + 71. Let m = 1427 - 1349. What is the highest common factor of m and p?
26
Let n = 401 - 219. Calculate the highest common divisor of 338 and n.
26
Let c(d) = -17*d - 332. Let p be c(-25). Calculate the greatest common factor of p and 1023.
93
Let x = -78 - -109. Suppose -4*n + 0*g + g + x = 0, -4*n - 3*g + 19 = 0. Let r(u) = 2*u + 8. Let b be r(n). What is the greatest common factor of 